{"id":96,"date":"2021-03-11T11:14:27","date_gmt":"2021-03-11T09:14:27","guid":{"rendered":"https:\/\/lokojotos.fi\/?page_id=96"},"modified":"2025-05-15T17:45:24","modified_gmt":"2025-05-15T15:45:24","slug":"tekijaksi","status":"publish","type":"page","link":"https:\/\/lokojotos.fi\/?page_id=96","title":{"rendered":"Tekij\u00e4ksi"},"content":{"rendered":"\n<p class=\"has-medium-font-size\">Roomaa ei rakennettu p\u00e4iv\u00e4ss\u00e4, mutta L\u00f6k\u00f6jotos saatetaan hyvinkin rakentaa &#8211; vaan ei sit\u00e4k\u00e4\u00e4n ilman motivoituneita vapaaehtoisia.<\/p>\n\n\n\n<p class=\"has-medium-font-size\">Tule mukaan rastihenkil\u00f6ksi, muonittamaan, valokuvaamaan, toteuttamaan vesihuoltoa tai kuinka ikin\u00e4 vain ikin\u00e4 olet halunnutkaan haastaa itse\u00e4si ja p\u00e4\u00e4st\u00e4 tekem\u00e4\u00e4n maailman parasta partiotaitokisaa! <\/p>\n\n\n\n<p class=\"has-medium-font-size\">Pestil\u00e4isille tarjotaan kisaviikonlopun aikana muonitus, mahdollisuus sis\u00e4majoitukseen ja uskomaton tilaisuus seurata \u00e4\u00e4rimm\u00e4isi\u00e4 soiden samuraiden rastisuorituksia.<\/p>\n\n\n\n<p class=\"has-medium-font-size\">Rastihenkil\u00f6ksi p\u00e4\u00e4set ilmoittautumaan kuksan kautta, olit sitten partiolainen tai et.<\/p>\n\n\n\n<p><a href=\"https:\/\/kuksa.partio.fi\/Kotisivut\/login.aspx?Id=83774\" data-type=\"link\" data-id=\"https:\/\/kuksa.partio.fi\/Kotisivut\/login.aspx?Id=72276\">Ilmoittautumaan!<\/a><\/p>\n\n\n\n<p class=\"has-medium-font-size\">Mik\u00e4li sinulla her\u00e4si kysymyksi\u00e4 mahdolliseen pestiisi liittyen, ota rohkeasi yhteytt\u00e4 esimerkiksi s\u00e4hk\u00f6postitse <a rel=\"noreferrer noopener\" href=\"mailto:lokojotos@gmail.com\" target=\"_blank\">lokojotos@gmail.com<\/a> tai yksityisviestill\u00e4 <a rel=\"noreferrer noopener\" href=\"https:\/\/www.facebook.com\/lokojotos\" data-type=\"URL\" data-id=\"https:\/\/www.facebook.com\/lokojotos\" target=\"_blank\">Facebookissa<\/a> tai <a href=\"http:\/\/www.instagram.com\/lokojotos\" data-type=\"URL\" data-id=\"http:\/\/www.instagram.com\/lokojotos\" target=\"_blank\" rel=\"noreferrer noopener\">Instagramissa<\/a>.<\/p>\n","protected":false},"excerpt":{"rendered":"<p>Roomaa ei rakennettu p\u00e4iv\u00e4ss\u00e4, mutta L\u00f6k\u00f6jotos saatetaan hyvinkin rakentaa &#8211; vaan ei sit\u00e4k\u00e4\u00e4n ilman motivoituneita vapaaehtoisia. Tule mukaan rastihenkil\u00f6ksi, muonittamaan, valokuvaamaan, toteuttamaan vesihuoltoa tai kuinka ikin\u00e4 vain ikin\u00e4 olet halunnutkaan haastaa itse\u00e4si ja p\u00e4\u00e4st\u00e4 tekem\u00e4\u00e4n maailman parasta partiotaitokisaa! Pestil\u00e4isille tarjotaan kisaviikonlopun aikana muonitus, mahdollisuus sis\u00e4majoitukseen ja uskomaton tilaisuus seurata \u00e4\u00e4rimm\u00e4isi\u00e4 soiden samuraiden rastisuorituksia. Rastihenkil\u00f6ksi p\u00e4\u00e4set [&hellip;]<\/p>\n","protected":false},"author":3,"featured_media":180,"parent":0,"menu_order":0,"comment_status":"closed","ping_status":"closed","template":"","meta":{"footnotes":""},"class_list":["post-96","page","type-page","status-publish","has-post-thumbnail","hentry"],"_links":{"self":[{"href":"https:\/\/lokojotos.fi\/index.php?rest_route=\/wp\/v2\/pages\/96","targetHints":{"allow":["GET"]}}],"collection":[{"href":"https:\/\/lokojotos.fi\/index.php?rest_route=\/wp\/v2\/pages"}],"about":[{"href":"https:\/\/lokojotos.fi\/index.php?rest_route=\/wp\/v2\/types\/page"}],"author":[{"embeddable":true,"href":"https:\/\/lokojotos.fi\/index.php?rest_route=\/wp\/v2\/users\/3"}],"replies":[{"embeddable":true,"href":"https:\/\/lokojotos.fi\/index.php?rest_route=%2Fwp%2Fv2%2Fcomments&post=96"}],"version-history":[{"count":14,"href":"https:\/\/lokojotos.fi\/index.php?rest_route=\/wp\/v2\/pages\/96\/revisions"}],"predecessor-version":[{"id":338,"href":"https:\/\/lokojotos.fi\/index.php?rest_route=\/wp\/v2\/pages\/96\/revisions\/338"}],"wp:featuredmedia":[{"embeddable":true,"href":"https:\/\/lokojotos.fi\/index.php?rest_route=\/wp\/v2\/media\/180"}],"wp:attachment":[{"href":"https:\/\/lokojotos.fi\/index.php?rest_route=%2Fwp%2Fv2%2Fmedia&parent=96"}],"curies":[{"name":"wp","href":"https:\/\/api.w.org\/{rel}","templated":true}]}}